s(g).
-20
Suppose -4*b + 44 = 4. Let c(k) be the second derivative of -11/12*k**4 - 7*k**2 + 11*k + 1/20*k**5 + 0 + 11/6*k**3. Determine c(b).
-4
Let o(n) = n**2 + 6*n + 11. Let z be o(6). Let f = 135 + -54. Let m = z - f. Let h(p) = p**3 - p - 1. What is h(m)?
5
Let z(n) = 10*n - 41. Let y be 1496/561*9/3. What is z(y)?
39
Let m(h) = 7 - 8*h**2 + 4*h - 143*h**3 + 331*h**3 - 190*h**3. Determine m(-4).
-9
Let s(i) = -8*i**2 - 1. Suppose 5*f + o - 32 = 4*o, 0 = 2*f - 5*o - 28. Suppose 11*u = -f*a + 6*u - 6, -3*u - 4 = 2*a. Calculate s(a).
-9
Let r(y) = -11*y + 3. Suppose -54*t + 600 = -48*t. Let b = 102 - t. Give r(b).
-19
Let b be (-20)/(-8)*-2 + 14 - 0. Let o(p) = -p**2 + 4*p + 28. Calculate o(b).
-17
Let w(o) = 2*o**3 + 11*o**2 + o + 5. Let h(z) = -3*z**3 - 16*z**2 - 2*z - 8. Let c(g) = -4*g - 53. Let k be c(-15). Let s(a) = k*w(a) + 5*h(a). Calculate s(-4).
23
Let c(u) = -u + 99. Suppose 38*z + 123*z = -470*z - 154*z. What is c(z)?
99
Let c(l) = l**2 + 29*l - 22. Suppose -39*u - 834 = 336. Give c(u).
8
Let a(w) = -w**3 + 3*w**2 + 10*w - 18. Let x be a(4). Let t(u) = -5*u**2 - u + 15. Let h(g) = -4*g**2 - g + 13. Let v(o) = x*t(o) - 7*h(o). Give v(3).
-16
Suppose 12*d + 3*v = 10*d + 8, -4*d = -4*v - 56. Let g be (-9)/(-6) + d/4. Let h(j) = j**3 - 4*j**2 - 2*j + 3. Determine h(g).
-5
Let o(c) = 5*c - 11. Let x = -24 + 29. Suppose x*q = 31 + 14. Let v(z) = -z + 3. Let b(s) = q*v(s) + 2*o(s). Determine b(-7).
-2
Let r(h) = -24*h + 14. Let n be r(-1). Suppose 7*l = -n + 3. Let p(u) = -u**3 - 4*u**2 + 5*u + 5. Determine p(l).
5
Suppose o + 5*q + 21 = 0, 4*q = -0*o - 3*o - 8. Let w(g) = 105*g - 104*g - o*g**2 - 9 + 3*g**2. Determine w(0).
-9
Suppose 150 = 95*o - 70*o. Let k(t) = -4*t - 4 + 15 + 3*t - 1. Calculate k(o).
4
Let d(x) = -10*x - 15. Suppose 0 = -l - 4, 5*l + 44 - 51 = 9*q. Calculate d(q).
15
Let b(k) = -2*k - 23. Let f = -85 - -87. Let h be (1 - f)*(1 - -10). What is b(h)?
-1
Suppose -6*z - 26 + 0 = 2*f, f - 5*z = 43. Let d(q) = -2*q + 1. Let n be d(-1). Let h(s) = -n + 5 - 1 + s. Determine h(f).
9
Let b = 1003 - 1006. Let w(u) = -2*u**3 - 2*u**2 + 6*u - 3. Calculate w(b).
15
Let r(w) = 74*w**2 - 32 - 16*w + 6*w + 5*w + w**3 - 89*w**2 + 7*w. Let j be (-484)/(-33) + 1/3. Determine r(j).
-2
Let h(w) be the third derivative of -w**5/60 - 7*w**4/12 - 3*w**3/2 + w**2 + 38. Give h(-5).
36
Let w(g) be the third derivative of -13*g**4/24 + 32*g**3 - 5*g**2 + 2*g - 596. Give w(15).
-3
Let o(y) = y**3 - 11*y**2 - 13*y + 12. Let x be o(12). Let p(j) = -j**3 - 820721*j**2 + 820721*j**2. Determine p(x).
0
Let s(f) = 2*f**2 + 107*f + 614. Let i be s(-47). Let z(o) be the first derivative of o**4/4 - 2*o**3/3 - 3*o**2 + 6*o + 1. Give z(i).
-3
Let y(a) = 4*a - 1. Suppose 0 = -31*o + 855 + 323. Suppose -19*u = o*u + 513. Give y(u).
-37
Let a(w) = -3*w**2 - 16*w + 1. Let z(q) = -2*q**2 - 11*q + 1. Let l(v) = 5*a(v) - 8*z(v). Let r = -1857 - -1851. What is l(r)?
-15
Suppose o - 4 + 7 = 0. Let x be 12/(-18)*o*7/(-2). Let s(t) = 4*t**2 + 4 + 3*t - 2*t**2 + 4*t - t**2. Determine s(x).
4
Let n be (-27)/21 - (-175)/(-245). Let b(t) = -7*t**2 - 4*t - 1. Calculate b(n).
-21
Let a(j) = 3 - 2*j**3 + 3*j**3 + 29589*j - 29587*j - 5*j**2. Suppose 5*u = -1 - 14. Let p(m) = -2*m - 2. Let c be p(u). What is a(c)?
-5
Let y(k) = -21*k + 260. Suppose -3*w - 3*f + 15 = 0, 4*f = -5*w - 613 + 645. Determine y(w).
8
Let j(z) = -11*z**3 - 28*z**2 + 35*z + 49. Let v(t) = -3*t**3 - 7*t**2 + 9*t + 13. Let n(y) = 5*j(y) - 19*v(y). Calculate n(3).
1
Let x = -47340 + 47342. Let n(u) = 3*u - 2. Let h(t) = -t + 6*t - 4*t. Let b(g) = -2*h(g) - n(g). Determine b(x).
-8
Let v(u) be the third derivative of u**6/120 + 7*u**5/30 - 17*u**4/24 + 5*u**3/3 + 702*u**2. What is v(-15)?
40
Let z = 16546 + -16552. Let m(s) = s**2 + 5*s - 14. Calculate m(z).
-8
Let p(c) be the third derivative of -c**4/24 + c**3/6 + 31*c**2 - 2*c. Let u(w) = 1. Let h(t) = p(t) + 3*u(t). Determine h(-6).
10
Suppose 4*w = -h + 21, -7*w - 5*h + 3 = -4*w. Let u(p) = -13*p + 0 + 7*p + 5*p - w. Calculate u(0).
-6
Let n(t) be the first derivative of -1/2*t**2 - 20*t + 1/6*t**3 + 14. Let d(u) be the first derivative of n(u). Determine d(-6).
-7
Let o(m) = 5*m**3 - 4*m**2 - m + 2. Let b = -3584 + 3585. Give o(b).
2
Let b(q) be the second derivative of -1/2*q**4 + 0 - 1/360*q**6 - 1/30*q**5 + 0*q**3 + 0*q**2 + 21*q. Let n(f) be the third derivative of b(f). What is n(4)?
-12
Let w(v) = -3*v + 84. Let o be w(26). Let m(t) = -t**2 + t**3 - 13 - 4*t**2 + 14 - o*t. Calculate m(5).
-29
Let p(f) be the third derivative of -f**5/60 - 7*f**4/24 - f**3/3 + 22*f**2. Suppose 0 = -3*a + 3*z - 27, 57*a = 62*a - 3*z + 39. Determine p(a).
4
Let d(f) = -15*f + 20*f - 12 + 1969*f**3 - f**2 - 1971*f**3 + 7*f. What is d(1)?
-3
Let h be (-20)/8*-2 + 0. Let k(m) = 2*m - 6 + h + 4. Suppose 4*n - 10 = 2*l, 4*n = -5*l - 13 + 2. Give k(l).
-3
Let g(d) = -9*d**2 - 23*d + 9. Let c(k) = -3*k**2 - 8*k + 3. Let i = 39 - 33. Let h(l) = i*g(l) - 17*c(l). Let m be ((-12)/(-15))/(3/(15/2)). What is h(m)?
-13
Let y(w) be the first derivative of w**3/3 + 7*w**2/2 - 17*w + 1717. What is y(-10)?
13
Let n be (-15)/6*18/(-900). Let a(l) be the third derivative of 0*l + 13*l**2 + 0*l**4 - 1/2*l**3 + 0 + n*l**5 + 1/120*l**6. Calculate a(-3).
-3
Let z(h) be the second derivative of h**2 + 1/3*h**4 + 0 + 226*h - 1/3*h**3. Suppose 1 = 4*s - 7. Calculate z(s).
14
Let w = -8118 - -8114. Let k(f) be the second derivative of -f**5/20 - f**4/4 + f**3/2 - 5*f**2/2 - f. What is k(w)?
-1
Let j(h) be the third derivative of 5*h**4/12 - h**3/6 + h**2. Let l = -189 + -64. Let z = l - -252. Determine j(z).
-11
Let n(w) = w**2 + 3*w - 48. Let m be n(-9). Let v be 24/(-18)*m - (0 + 0). Let x(d) = -2*d. Calculate x(v).
16
Let d be ((5 - 6) + 3)/(28/168). Let v(k) = -k**2 + 25*k - 156. Calculate v(d).
0
Let s = -118 - -118. Suppose s = -4*g - 4*z - 8, -z = -0 - 1. Let k(q) = -q - 2. Give k(g).
1
Let i be ((-990)/40 - -11) + (-1)/4. Let x(w) = -w - 35. What is x(i)?
-21
Let a be (-505)/20 - (-2)/8. Let g = a + 24. Let l(d) = -3*d**2 + d - 1. Let o(w) = -13*w**2 + w - 3. Let h(b) = -2*l(b) + o(b). Calculate h(g).
-7
Suppose -3*u + 5*m = -0*u + 576, 4*m = u + 185. Let g = u - -206. Let d(r) = -r**2 + 10*r - 1. What is d(g)?
8
Let r(y) = 224 - 62 + 13*y + 2*y**2 - 86 - 64. What is r(-5)?
-3
Let j be (-1*4/4)/(3/(-753)). Let o = j + -251. Let b(q) = -q**3 - q + 3. Give b(o).
3
Let n(k) = k. Let j(o) = -o**2 + 4*o + 6. Let p(f) = -j(f) - 2*n(f). Let g = 110 - 102. Let r be -46*(-5)/40 - (-2)/g. Give p(r).
-6
Let b(y) = -y**3 + 10*y**2 - 15*y - 12. Suppose 2*t + 17 = g, 24*g - 22*g - 3*t = 29. Give b(g).
30
Let n(x) = -2*x - 9 + 0*x + x. Let z(j) = 9*j**2 + 3304*j + 6564. Let l be z(-2). Give n(l).
-1
Let f(w) = -27169*w**2 - 19*w + 13584*w**2 + 13584*w**2. Determine f(-21).
-42
Let c(w) = -6*w + 8*w + 11*w + 8*w - 15*w. Let a = -7 + 16. Let d be a/(-6)*2 + 1. Calculate c(d).
-12
Let z(k) = 63*k - 35. Let b(p) = -p**3 + 8*p**2 - 12*p - 35. Let i be b(6). Let o(n) = 1 + 4 - 1 - 7*n. Let x(s) = i*o(s) - 4*z(s). What is x(-1)?
7
Suppose -2*j + 4*j = 5*a + 25, -a = -4*j + 41. Suppose -j*t + 4*t + 12 = 0. Let b(c) = t*c - 6 - 10*c - 3*c**2 + 12*c**2 + 4*c - c**3. Calculate b(8).
26
Let k(a) = a**2 - 5*a + 1. Suppose -l - 20 = -2*w - w, 0 = -3*l - 6. Let z be k(w). Let r(n) = 32 - 85 + 33 + 30 - 2*n. What is r(z)?
-4
Let c(s) = 5*s + 20. Let u be 3 + (-2993)/438 + 10/12. Determine c(u).
5
Let q be (4/(-6))/(-1) - (-11737)/(-3201). Let b(f) = 6*f + 3. Let a(h) = 11*h + 5. Let j(c) = 4*a(c) - 7*b(c). Calculate j(q).
-7
Let k(h) = -h**2 - 4*h. Let y be k(-2). Let o(m) be the third derivative of -m**5/60 + m**4/24 + m**3/3 + 4048*m**2. What is o(y)?
-10
Let b(r) = r - 3. Let p = -47 + 57. Let i(k) = -k**2 + 9*k + 22. Let q be i(p). Suppose 3*l - q + 3 = 0. Determine b(l).
0
Let k(c) = 3*c + 7. Let x = 279 + -285. Let m(u) be the first derivative of -u**4/4 - 5*u**3/3 + 2*u**2 - 18*u + 3. Let y be m(x). Give k(y).
-11
Let q(c) = -c**3 + 3*c**2 + 3*c - 4. Let z = 262 - 182. Suppose -14*n - 6*n + z = 0. Calculate q(n).
-8
Suppose 2*l = -1881 + 1895. Let n(c) = -c**2 - 6*c + 69. Calculate n(l).
-22
Let m(d) = 2*d - 10. Suppose -2*w - 2286 = 3*v, -5*v + 5*w - 3543 - 292 = 0. Let u = -768 - v. Determine m